t(u) = -u**3 - 30*u + 8*u**2 + 2*u**3 + 37*u + 4. Determine t(-7).
4
Let t(a) = a**2 - 6*a - 5. Let k be t(7). Let l(c) = c**2 + 5 - 9 + 6*c - k*c. Give l(-4).
-4
Let j(f) = f**2 - 8*f - 6. Let t(h) = 2*h**2 - 17*h - 12. Let n be -4 - (3/3 - 3). Let l(v) = n*t(v) + 5*j(v). What is l(5)?
-11
Suppose -t - j = -0*j - 8, -4*t + 4*j = -8. Suppose t*l - 2 = -32. Let a(x) = x**2 + 5*x + 2. Determine a(l).
8
Let q(i) = 3*i**3 - i**2 + i - 1. Let f(n) = n**3 + 3*n**2 - 3*n + 5. Let s be f(-4). Let r be q(s). Let z(j) = -5 + 4*j**r + 5 + 3*j + 2*j**3. Give z(-2).
-6
Let y(d) be the second derivative of d**3/6 + 3*d**2 + 5*d. Suppose 0 = 2*v - 5*c + 5, -4*v - 24 = 2*c + 2*c. Calculate y(v).
1
Let l(f) = -f**2 - f. Let p = 4 - 3. Let i be l(p). Let d(n) = -6*n + 13. Let r(k) = 4*k - 9. Let o(a) = -5*d(a) - 7*r(a). Give o(i).
-6
Let s(j) be the first derivative of j**5/60 + j**4/6 + j**3/2 - 4*j**2 + 5. Let h(p) be the second derivative of s(p). Give h(-3).
0
Let m be -2 + (-1 + 0 - -2). Let w be (0 - -1) + (0 - m). Let a(p) = 6*p + 7. Let d(f) = -3*f - 4. Let c(h) = 6*a(h) + 11*d(h). Calculate c(w).
4
Let m(o) be the second derivative of o**3/6 + 5*o**2/2 + o. Let x = 4 - 4. Suppose -z = -x*z. Determine m(z).
5
Let m(a) = 2*a**3 + a**2 + 2*a + 1. Suppose 0 = o - 3*k - 11 - 0, -k = 4. Give m(o).
-2
Let k(o) = -o**3 - 3*o**2 + 5*o + 3. Suppose -2*f - 2*s + 12 = -s, 2*s = -5*f + 28. Let c = 0 - f. Calculate k(c).
-1
Let b(m) = m + 1. Let s(c) = 2*c + 2. Let x(o) = 3*b(o) - s(o). Suppose 0 = 2*n + 2*n + 4. Let z(i) = -2*i + 1. Let d be z(n). Determine x(d).
4
Suppose -j + 4*q - 7 - 9 = 0, -4*j = 4*q - 16. Let i be (-1 - j)/(4/(-12)). Let z(h) = -i - h - h + 0. What is z(3)?
-9
Let w(c) = 0*c + 6*c - 9 - 4*c + 15. Let g = -13 + 9. Calculate w(g).
-2
Let h be (-13)/(364/(-36)) - (-2)/(-7). Let i(x) = 84*x**3 - 70*x**2 + 70*x - 70. Let k(p) = p**3 - p**2 + p - 1. Let d(t) = i(t) - 70*k(t). Give d(h).
14
Let h(r) = 2*r - 1. Let x be ((-5)/(-3))/(4/132). Suppose f + 4*c + 80 = -2*f, 4*f - 5*c + x = 0. Let w be (-3)/2 + (-10)/f. Give h(w).
-3
Let c = -20 - -39. Let m = c + -21. Let z(j) = -j**2 - 3*j - 1. Determine z(m).
1
Let f(h) be the third derivative of 1/720*h**6 + 0 + 1/24*h**4 + 0*h + 1/60*h**5 + 0*h**3 - 2*h**2. Let s(r) be the second derivative of f(r). What is s(4)?
6
Let n(r) = -r**2 + 8*r - 9. Let c be n(7). Let t(a) = a**3 + a**2 - a. Calculate t(c).
-2
Let k(x) = 8*x + 1. Let s be k(1). Let u = -9 + s. Let c(d) = d + 7. What is c(u)?
7
Let u be 20/(-8)*(-6)/3. Let q = 3 - -2. Let o(x) = 4 + q*x**2 - 2 - 4*x**2 + u*x. Give o(-5).
2
Let j(o) = 4*o - 1. Let x(s) = 12*s - 3. Let d(n) = -11*j(n) + 4*x(n). What is d(-3)?
-13
Let d(i) = i**2 - i + 6. Let m be d(0). Let g(b) = b**3 - 5*b**2 - 5*b - 2. Give g(m).
4
Let c(t) be the first derivative of t**3/3 - t**2 + 1. Suppose 2*y = -0*y + 12. Let w be (y/(-8))/(6/(-24)). Determine c(w).
3
Suppose 3*a + 2*a = 0. Let m be -2 + 3 + a + 4. Let f(r) = -r**3 + 5*r**2 + 4. Determine f(m).
4
Let p(x) = -2*x**2 + 2*x. Let f = 5 - 2. Let r = f + -1. Calculate p(r).
-4
Let b(k) = -k**3 + 3*k**2 - 3*k + 1. Let o be b(2). Let j = -3 + 1. Let r = o + j. Let z(u) = u - 2. Calculate z(r).
-5
Let g(b) = -3*b**2 + 3*b - 2. Let w be 10/(3 - -2) - 0/(-1). Give g(w).
-8
Let h be 8/(-6)*18/(-12). Let g(o) = o**3 - 3*o**2 + 3*o - 2. Let b be g(2). Let x(s) = -2*s**3 - h*s**3 + b*s**3 + s. Calculate x(-1).
3
Let o(a) = a**2 + 10*a - 4. Let j(k) = -10*k**2 + 2*k + 1. Let w be j(-1). Let n be o(w). Let f(c) = -c + 5. What is f(n)?
-2
Let m(c) = 2*c + 18 - 8*c**2 - 17 + 11*c**2 + 12*c**2. What is m(-1)?
14
Let k(c) = c**2 + 12. Suppose 4*q + 2 = 3*q. Let u(g) = -g**2 - g + 2. Let y be u(q). What is k(y)?
12
Let f = -43 - -46. Let x(w) = -w**2 + w - 3. Give x(f).
-9
Let q(p) = 3*p - 72. Let j be q(21). Let f(o) = o**3 + 8*o**2 - 9*o - 4. What is f(j)?
-4
Let c(z) = -z. Let w be c(-8). Suppose 4*n = -0*n - w. Let t(x) = -x**3 - 2*x**2 - x - 1. Determine t(n).
1
Let z(r) = -r - 13 - 15 + 25. What is z(-2)?
-1
Let f(w) = -1 + 0*w - w**2 + 19*w**2 - 6*w**2 - w. Calculate f(-1).
12
Let q(t) = -5 + 0 - 1 + t**2 + 0 + 3*t. Let g be (7/3)/((-2)/(-6)). Suppose 25 = 2*x - g*x. What is q(x)?
4
Let j(i) = 5*i - 4. Let o(m) = -4*m + 3. Let r(v) = -3*j(v) - 4*o(v). Let f(g) = -5*g**2 - 8*g + 2. Let p be f(-6). Let x be (-2)/(-10) - p/(-25). What is r(x)?
-5
Let y(a) = -6*a - 30. Let p be y(-5). Let h(j) be the first derivative of j**4/12 - j**2/2 + j + 1. Let b(l) be the first derivative of h(l). Determine b(p).
-1
Let y(a) = 2*a**2 - a + 1. Let p(z) = -4*z - 6. Let b be p(6). Let l be (2/(-4))/(3/b). Suppose 4 = -l*r + 14. Calculate y(r).
7
Let u(w) = -2*w - 50*w**2 + 21*w**2 + 30*w**2 - 3. Determine u(-2).
5
Let k(n) = -n**2 + 5*n + 7. Suppose 0 = 12*b - 9*b - 15. Calculate k(b).
7
Suppose -2*c + 22 = -0*c. Let z = 12 - c. Let u(w) = -15*w - 1. Give u(z).
-16
Let v(u) be the first derivative of -u**4/4 - u**3/3 - 10*u - 11. Calculate v(0).
-10
Let c(g) = -g**3 + g**2 - g + 1. Let x(s) = -3*s**3 - s**2 + 2*s. Let l(h) = 2*c(h) - x(h). Suppose -3*b - 8 = 4. Determine l(b).
2
Let g = -7 - -11. Let t(l) = 4 - l + g*l - 2*l. Give t(-3).
1
Let d(g) be the first derivative of g - 5/2*g**2 + 2. Give d(-1).
6
Let a(b) = -b + 1. Let z(w) = w - 2. Let v(s) = -2*a(s) - 3*z(s). Calculate v(5).
-1
Suppose -10 = -6*y + y. Suppose -7 = -3*k + 2. Suppose -7*x + 2 = -c - 2*x, k*x = -c - y. Let n(h) = h**3 + 4*h**2 + 2*h - 2. What is n(c)?
2
Suppose -7*l + 9*l = 0. Let y(f) = l*f + 0*f - 5*f**2 + 15 - 14 + f**3. Determine y(5).
1
Let b = -2 + 3. Let k(c) = 16*c + 7. Let x(f) = 8 + 4*f + 3 + 3*f + 17*f. Let p(i) = -8*k(i) + 5*x(i). Give p(b).
-9
Let v(d) = 1. Let l(c) = -c + 4. Let n(y) = -l(y) - 2*v(y). Determine n(6).
0
Let q(o) = -5*o**2 + 8. Let t(g) = -g**2 + g + 1. Let l(n) = -q(n) + 6*t(n). Determine l(6).
-2
Let w(d) = 3*d**2 + 5 + 0 - d**3 + 20*d - 19*d. Calculate w(4).
-7
Suppose 8*a - 9*a = -3. Let r(d) = d**3 - 4*d**2 + 2*d - 3. Give r(a).
-6
Let w(k) = 5*k + 2. Let m be (0 + 4)*(2 + -1). Let f(n) = 6*n - 5*n + 5*n + 3 + 0. Let v(y) = m*w(y) - 3*f(y). Determine v(-1).
-3
Let s(o) = o - 7. Let m be s(5). Let b = m + 7. Let u(g) = g + 1. Determine u(b).
6
Let n be 2/6*(-6)/(-2). Let h(z) = 3*z**2 + 0*z**2 - 5*z + 5*z. What is h(n)?
3
Let h(i) = 2*i + 5. Let n = 9 - 6. Let t(r) = 4 - 2*r + 3*r**3 - 2*r**3 + n*r**2 + 2*r - 2*r. Let s be t(-4). Determine h(s).
-3
Suppose 0 = 2*j + 2 - 6. Let a(q) = -5*q**2 - q**3 + 2*q**j - 1 + 5*q + 4*q**2 - 4*q**2. Calculate a(-4).
-5
Let y be 2/(-8) + (-21)/12. Suppose 2 = -0*s + 2*s. Let a(h) = -h**2 - s + h - 5*h - 2. Give a(y).
1
Let n(o) = 7*o**3 - 2*o**2 - o. Let w = 14 - 11. Suppose -j = 2*i + 4*j - w, 6 = -3*i + 3*j. What is n(i)?
-8
Let t(r) = -r**2 + 11*r + 9. Let s(l) = -l. Let p(b) = 6*s(b) + t(b). Give p(7).
-5
Let b(f) = -4 + 3*f - 3 - f - f. Calculate b(6).
-1
Let r(q) = 22*q**2 - 2*q - 1. Let i be r(-1). Suppose -2*k = -5*t - i, -9 = 5*t - 2*t. Let y(u) = -u**2 + 4*u. Give y(k).
0
Let t(l) = 6*l + 1. Let h be 1/(-3) + 14/(-21). Calculate t(h).
-5
Let v(h) = -2*h**2 + h - 1. Let a = -3 - -6. Suppose 0 = -3*f - 3*l + 12, -a*l + 20 = 2*f + 2*l. Suppose -2*w - 3*i + 5 = f, i - 4 + 3 = 0. Give v(w).
-2
Let w(d) = -d + 4. Suppose l + 42 = -2*l. Let j(z) = 7*z - 3. Let c be j(1). Let o be l/c - (-3)/6. Give w(o).
7
Let a = 2 + 0. Let l(g) be the second derivative of 2*g + 0 - 1/2*g**2 + 1/12*g**4 + 1/6*g**3. Calculate l(a).
5
Suppose 0 = -3*j + 2*j. Suppose -3*t + 6 + 4 = c, -4*t + 18 = -c. Let h(g) = -t*g + 5*g - g**3 - 2 + 2*g**3 + 0*g**3. Give h(j).
-2
Let c be 0/(-1 + 3 + -4). Let h(y) be the second derivative of 0 + c*y**3 + y**2 + 1/20*y**5 + 2*y - 1/3*y**4. Give h(3).
-7
Let n(p) = p**2 - 6*p + 6. Let z be ((-12)/10)/((-2)/10). What is n(z)?
6
Let f(x) = x**2 + 5*x - 3. Let d be f(-5). Let v(q) = 256*q - 9 - 259*q + 6. Give v(d).
6
Suppose -j = 5*l - 4, -3*l - 2 + 18 = 4*j. Let u be 5 - 6 - j/2. Let i(r) = -4*r. Give i(u).
12
Let c(r) = r**3 + 6*r**2 + 6*r + 7. Let p be c(-5). Let a(x) = 3*x - 2. Give a(p).
4
Let q = 97 + -95. Let w(l) be the second derivative of -1/6*l**3 + 0 + 1/2*l**2 - q*l. Give w(-1).
2
Let q(f) = -4. Let c(h) = 3*h - 1. Let d(a) = -5*c(a) + q(a). Determine d(-1).
16
Suppose -3*s = 